{"id":1000176,"date":"2025-09-10T16:15:12","date_gmt":"2025-09-10T19:15:12","guid":{"rendered":"https:\/\/hatsu.fabrica88.com\/amandamol\/?post_type=product&#038;p=1000176"},"modified":"2025-09-29T09:38:04","modified_gmt":"2025-09-29T12:38:04","slug":"pasta-kraft-organizadora-com-elastico-botanica","status":"publish","type":"product","link":"https:\/\/hatsu.fabrica88.com\/amandamol\/produto\/pasta-kraft-organizadora-com-elastico-botanica\/","title":{"rendered":"Pasta Kraft organizadora com el\u00e1stico | Bot\u00e2nica"},"content":{"rendered":"","protected":false},"excerpt":{"rendered":"<p><em>Para guardar tudo que te toca, mem\u00f3rias e import\u00e2ncias do presente.<br \/>\n<\/em><strong>Sugest\u00e3o de uso: organiza\u00e7\u00e3o de docs, fotos, cartas ou um presente perfeito para para apaixonadas por papelaria.\u00a0<\/strong><\/p>\n<p>Tamanho: 12,5 x 24 cm (fechado)<br \/>\nPapel Kraft R\u00edgido de 300g<br \/>\nMedida do envelope fechado e da \u00e1rea de armazenamento.<br \/>\nAcabamento em ilh\u00f3s dourado e el\u00e1stico preto<\/p>\n<p><em><br \/>\nProduto exclusivo produzido <\/em><br \/>\n<em>com amor no atelier.<\/em><strong><br \/>\n<\/strong><\/p>\n<p><img decoding=\"async\" class=\"alignnone wp-image-120823\" src=\"https:\/\/amandamol.com.br\/wp-content\/uploads\/2023\/11\/Amanda-Mol-R-300x184.png\" alt=\"\" width=\"95\" height=\"58\" \/><\/p>\n<p>&nbsp;<\/p>\n","protected":false},"featured_media":1000310,"comment_status":"closed","ping_status":"closed","template":"","meta":[],"product_brand":[],"product_cat":[99,100,88],"product_tag":[],"class_list":{"0":"post-1000176","1":"product","2":"type-product","3":"status-publish","4":"has-post-thumbnail","6":"product_cat-colecao-verde-esmeralda","7":"product_cat-ed-limitada","8":"product_cat-papelaria","10":"first","11":"instock","12":"sale","13":"shipping-taxable","14":"purchasable","15":"product-type-simple"},"_links":{"self":[{"href":"https:\/\/hatsu.fabrica88.com\/amandamol\/wp-json\/wp\/v2\/product\/1000176","targetHints":{"allow":["GET"]}}],"collection":[{"href":"https:\/\/hatsu.fabrica88.com\/amandamol\/wp-json\/wp\/v2\/product"}],"about":[{"href":"https:\/\/hatsu.fabrica88.com\/amandamol\/wp-json\/wp\/v2\/types\/product"}],"replies":[{"embeddable":true,"href":"https:\/\/hatsu.fabrica88.com\/amandamol\/wp-json\/wp\/v2\/comments?post=1000176"}],"wp:featuredmedia":[{"embeddable":true,"href":"https:\/\/hatsu.fabrica88.com\/amandamol\/wp-json\/wp\/v2\/media\/1000310"}],"wp:attachment":[{"href":"https:\/\/hatsu.fabrica88.com\/amandamol\/wp-json\/wp\/v2\/media?parent=1000176"}],"wp:term":[{"taxonomy":"product_brand","embeddable":true,"href":"https:\/\/hatsu.fabrica88.com\/amandamol\/wp-json\/wp\/v2\/product_brand?post=1000176"},{"taxonomy":"product_cat","embeddable":true,"href":"https:\/\/hatsu.fabrica88.com\/amandamol\/wp-json\/wp\/v2\/product_cat?post=1000176"},{"taxonomy":"product_tag","embeddable":true,"href":"https:\/\/hatsu.fabrica88.com\/amandamol\/wp-json\/wp\/v2\/product_tag?post=1000176"}],"curies":[{"name":"wp","href":"https:\/\/api.w.org\/{rel}","templated":true}]}}