{"id":1001125,"date":"2025-09-22T21:39:34","date_gmt":"2025-09-23T00:39:34","guid":{"rendered":"https:\/\/hatsu.fabrica88.com\/amandamol\/?post_type=product&#038;p=1001125"},"modified":"2025-09-22T21:56:07","modified_gmt":"2025-09-23T00:56:07","slug":"oleo-sobre-canvas-vaso-de-flores-iv-57-x-395-cm","status":"publish","type":"product","link":"https:\/\/hatsu.fabrica88.com\/amandamol\/produto\/oleo-sobre-canvas-vaso-de-flores-iv-57-x-395-cm\/","title":{"rendered":"\u00d3leo sobre canvas Vaso de Flores IV &#8211; 57 x 39,5 cm"},"content":{"rendered":"","protected":false},"excerpt":{"rendered":"<p><strong>&#8220;Vaso de Flores \u00e9 uma sequ\u00eancia de &#8216;natureza viva&#8217; dentro da s\u00e9rie Tanto&#8221;<\/strong><\/p>\n<p>57 x 39,5 x 4,5 cm<br \/>\npintura \u00e0 \u00f3leo<br \/>\nQuadro com moldura filete de madeira laqueada<br \/>\nPintura assinada e \u00fanica<br \/>\n<span style=\"text-decoration: underline;\">Acompanha Certificado de Autenticidade<\/span><\/p>\n","protected":false},"featured_media":1001297,"comment_status":"open","ping_status":"closed","template":"","meta":[],"product_brand":[],"product_cat":[146,139,140,149,145],"product_tag":[],"class_list":{"0":"post-1001125","1":"product","2":"type-product","3":"status-publish","4":"has-post-thumbnail","6":"product_cat-ofertas","7":"product_cat-originais","8":"product_cat-quadros","9":"product_cat-serie-mon-jardin","10":"product_cat-serie-tanto","12":"first","13":"instock","14":"shipping-taxable","15":"purchasable","16":"product-type-simple"},"_links":{"self":[{"href":"https:\/\/hatsu.fabrica88.com\/amandamol\/wp-json\/wp\/v2\/product\/1001125","targetHints":{"allow":["GET"]}}],"collection":[{"href":"https:\/\/hatsu.fabrica88.com\/amandamol\/wp-json\/wp\/v2\/product"}],"about":[{"href":"https:\/\/hatsu.fabrica88.com\/amandamol\/wp-json\/wp\/v2\/types\/product"}],"replies":[{"embeddable":true,"href":"https:\/\/hatsu.fabrica88.com\/amandamol\/wp-json\/wp\/v2\/comments?post=1001125"}],"wp:featuredmedia":[{"embeddable":true,"href":"https:\/\/hatsu.fabrica88.com\/amandamol\/wp-json\/wp\/v2\/media\/1001297"}],"wp:attachment":[{"href":"https:\/\/hatsu.fabrica88.com\/amandamol\/wp-json\/wp\/v2\/media?parent=1001125"}],"wp:term":[{"taxonomy":"product_brand","embeddable":true,"href":"https:\/\/hatsu.fabrica88.com\/amandamol\/wp-json\/wp\/v2\/product_brand?post=1001125"},{"taxonomy":"product_cat","embeddable":true,"href":"https:\/\/hatsu.fabrica88.com\/amandamol\/wp-json\/wp\/v2\/product_cat?post=1001125"},{"taxonomy":"product_tag","embeddable":true,"href":"https:\/\/hatsu.fabrica88.com\/amandamol\/wp-json\/wp\/v2\/product_tag?post=1001125"}],"curies":[{"name":"wp","href":"https:\/\/api.w.org\/{rel}","templated":true}]}}