{"id":6229,"date":"2024-08-21T12:11:06","date_gmt":"2024-08-21T15:11:06","guid":{"rendered":"https:\/\/hatsu.fabrica88.com\/cafesdobrasil\/?post_type=product&#038;p=6229"},"modified":"2024-08-21T12:17:28","modified_gmt":"2024-08-21T15:17:28","slug":"for-export","status":"publish","type":"product","link":"https:\/\/hatsu.fabrica88.com\/cafesdobrasil\/produto\/for-export\/","title":{"rendered":"FOR EXPORT"},"content":{"rendered":"<p>Este \u00e9 um blend de caf\u00e9, 100% ar\u00e1bica de exporta\u00e7\u00e3o, selecionado por profissionais especializados e desenvolvido, pensando em voc\u00ea, que aprecia um caf\u00e9 de qualidade superior. Um caf\u00e9 saboroso, com m\u00e9dia acidez, extremamente agrad\u00e1vel ao paladar e que satisfar\u00e1 at\u00e9 mesmo os mais exigentes apreciadores de caf\u00e9s especiais.<\/p>\n<p>Tipo: <strong>Ar\u00e1bica<\/strong> \/\/\u00a0<strong>Pontuado<\/strong> \/\/ Sabor: <strong>Achocolatado,C\u00edtrico e Caramelo<\/strong> \/\/ Aroma: <strong>Intenso<\/strong> \/\/ Torra: <strong>M\u00e9dia<\/strong> \u00a0\/\/ Corpo: <strong>M\u00e9dio<\/strong> \/\/ Acidez: <strong>M\u00e9dia<\/strong> \/\/ Processo: <strong>Natural<\/strong> \/\/ Regi\u00e3o: <strong>Nobre\u00a0<\/strong>\/\/ Altitude: <b>Entre 900 e 1.100 metros<\/b><\/p>\n<p><img loading=\"lazy\" decoding=\"async\" class=\"alignnone wp-image-256\" src=\"https:\/\/cafesdobrasilclub.com.br\/wp-content\/uploads\/2017\/03\/qgrader.png\" alt=\"\" width=\"56\" height=\"56\" \/>\u00a0 Caf\u00e9 avaliado por um &#8220;Q arabica grader&#8221;<\/p>\n<p>&nbsp;<\/p>\n","protected":false},"excerpt":{"rendered":"<p>Este \u00e9 um blend de caf\u00e9, 100% ar\u00e1bica de exporta\u00e7\u00e3o, selecionado por profissionais especializados e desenvolvido, pensando em voc\u00ea, que aprecia um caf\u00e9 de qualidade superior. Um caf\u00e9 saboroso, com m\u00e9dia acidez, extremamente agrad\u00e1vel ao paladar e que satisfar\u00e1 at\u00e9 mesmo os mais exigentes apreciadores de caf\u00e9s especiais.<\/p>\n<p>Caf\u00e9 avaliado por um &#8220;Q arabica grader&#8221;<\/p>\n","protected":false},"featured_media":6290,"comment_status":"open","ping_status":"closed","template":"","meta":{"_acf_changed":false,"_et_pb_use_builder":"","_et_pb_old_content":"","_et_gb_content_width":""},"product_cat":[48,49],"product_tag":[],"class_list":{"0":"post-6229","1":"product","2":"type-product","3":"status-publish","4":"has-post-thumbnail","6":"product_cat-cafe-especial","7":"product_cat-cafeteria","9":"first","10":"instock","11":"shipping-taxable","12":"purchasable","13":"product-type-variable"},"exclude_global_add_ons":[],"addons":[],"acf":[],"_links":{"self":[{"href":"https:\/\/hatsu.fabrica88.com\/cafesdobrasil\/wp-json\/wp\/v2\/product\/6229","targetHints":{"allow":["GET"]}}],"collection":[{"href":"https:\/\/hatsu.fabrica88.com\/cafesdobrasil\/wp-json\/wp\/v2\/product"}],"about":[{"href":"https:\/\/hatsu.fabrica88.com\/cafesdobrasil\/wp-json\/wp\/v2\/types\/product"}],"replies":[{"embeddable":true,"href":"https:\/\/hatsu.fabrica88.com\/cafesdobrasil\/wp-json\/wp\/v2\/comments?post=6229"}],"wp:featuredmedia":[{"embeddable":true,"href":"https:\/\/hatsu.fabrica88.com\/cafesdobrasil\/wp-json\/wp\/v2\/media\/6290"}],"wp:attachment":[{"href":"https:\/\/hatsu.fabrica88.com\/cafesdobrasil\/wp-json\/wp\/v2\/media?parent=6229"}],"wp:term":[{"taxonomy":"product_cat","embeddable":true,"href":"https:\/\/hatsu.fabrica88.com\/cafesdobrasil\/wp-json\/wp\/v2\/product_cat?post=6229"},{"taxonomy":"product_tag","embeddable":true,"href":"https:\/\/hatsu.fabrica88.com\/cafesdobrasil\/wp-json\/wp\/v2\/product_tag?post=6229"}],"curies":[{"name":"wp","href":"https:\/\/api.w.org\/{rel}","templated":true}]}}