{"id":6979,"date":"2024-08-21T12:25:38","date_gmt":"2024-08-21T15:25:38","guid":{"rendered":"https:\/\/hatsu.fabrica88.com\/cafesdobrasil\/?post_type=product&#038;p=6979"},"modified":"2024-08-21T12:25:42","modified_gmt":"2024-08-21T15:25:42","slug":"caixa-drip-coffee","status":"publish","type":"product","link":"https:\/\/hatsu.fabrica88.com\/cafesdobrasil\/produto\/caixa-drip-coffee\/","title":{"rendered":"Caixa Drip Coffee"},"content":{"rendered":"<p data-pm-slice=\"1 1 []\"><strong>Informa\u00e7\u00e3o do produto:<\/strong><\/p>\n<p>Caf\u00e9 Especial | Torrado e Mo\u00eddo | 100% Ar\u00e1bica<br \/>\nSabor: Achocolatado Sutil e Caramelo<br \/>\nTorra M\u00e9dia | Bebida Mole<br \/>\nCont\u00e9m 8 sach\u00eas<\/p>\n<p>Ideal para quem busca praticidade sem abrir m\u00e3o de qualidade!<\/p>\n","protected":false},"excerpt":{"rendered":"<p data-pm-slice=\"1 1 []\">Nosso Drip Coffee combina sabor e praticidade, trazendo a experi\u00eancia do Caf\u00e9s do Brasil Club em qualquer lugar!<\/p>\n<p>Caf\u00e9 filtrado direto na x\u00edcara, onde voc\u00ea estiver.<\/p>\n","protected":false},"featured_media":6980,"comment_status":"open","ping_status":"closed","template":"","meta":{"_acf_changed":false,"_et_pb_use_builder":"","_et_pb_old_content":"","_et_gb_content_width":""},"product_cat":[48],"product_tag":[],"class_list":{"0":"post-6979","1":"product","2":"type-product","3":"status-publish","4":"has-post-thumbnail","6":"product_cat-cafe-especial","8":"first","9":"instock","10":"shipping-taxable","11":"purchasable","12":"product-type-simple"},"exclude_global_add_ons":[],"addons":[],"acf":[],"_links":{"self":[{"href":"https:\/\/hatsu.fabrica88.com\/cafesdobrasil\/wp-json\/wp\/v2\/product\/6979","targetHints":{"allow":["GET"]}}],"collection":[{"href":"https:\/\/hatsu.fabrica88.com\/cafesdobrasil\/wp-json\/wp\/v2\/product"}],"about":[{"href":"https:\/\/hatsu.fabrica88.com\/cafesdobrasil\/wp-json\/wp\/v2\/types\/product"}],"replies":[{"embeddable":true,"href":"https:\/\/hatsu.fabrica88.com\/cafesdobrasil\/wp-json\/wp\/v2\/comments?post=6979"}],"wp:featuredmedia":[{"embeddable":true,"href":"https:\/\/hatsu.fabrica88.com\/cafesdobrasil\/wp-json\/wp\/v2\/media\/6980"}],"wp:attachment":[{"href":"https:\/\/hatsu.fabrica88.com\/cafesdobrasil\/wp-json\/wp\/v2\/media?parent=6979"}],"wp:term":[{"taxonomy":"product_cat","embeddable":true,"href":"https:\/\/hatsu.fabrica88.com\/cafesdobrasil\/wp-json\/wp\/v2\/product_cat?post=6979"},{"taxonomy":"product_tag","embeddable":true,"href":"https:\/\/hatsu.fabrica88.com\/cafesdobrasil\/wp-json\/wp\/v2\/product_tag?post=6979"}],"curies":[{"name":"wp","href":"https:\/\/api.w.org\/{rel}","templated":true}]}}