{"id":1000027,"date":"2026-03-02T17:15:19","date_gmt":"2026-03-02T20:15:19","guid":{"rendered":"https:\/\/hatsu.fabrica88.com\/parasitaclean\/?post_type=product&#038;p=1000027"},"modified":"2026-03-04T16:11:29","modified_gmt":"2026-03-04T19:11:29","slug":"parasita-clean-adulto","status":"publish","type":"product","link":"https:\/\/hatsu.fabrica88.com\/parasitaclean\/produto\/parasita-clean-adulto\/","title":{"rendered":"Para-sita Clean &#8211; Adulto"},"content":{"rendered":"<p>A desparasita\u00e7\u00e3o \u00e9 indicada para tratamento e erradica\u00e7\u00e3o de parasitas. Esse kit Parasita Clean \u00e9 composto por produtos 100% de origem natural que podem eliminar mais de 100 tipos diferentes de parasitas intestinais em adultos.<\/p>\n","protected":false},"excerpt":{"rendered":"<p>A desparasita\u00e7\u00e3o \u00e9 indicada para tratamento e erradica\u00e7\u00e3o de parasitas. Esse kit Parasita Clean \u00e9 composto por produtos 100% de origem natural que podem eliminar mais de 100 tipos diferentes de parasitas intestinais em adultos.<\/p>\n","protected":false},"featured_media":1000078,"comment_status":"open","ping_status":"closed","template":"","meta":[],"product_brand":[],"product_cat":[15],"product_tag":[],"class_list":{"0":"post-1000027","1":"product","2":"type-product","3":"status-publish","4":"has-post-thumbnail","6":"product_cat-sem-categoria","8":"first","9":"instock","10":"shipping-taxable","11":"purchasable","12":"product-type-simple"},"_links":{"self":[{"href":"https:\/\/hatsu.fabrica88.com\/parasitaclean\/wp-json\/wp\/v2\/product\/1000027","targetHints":{"allow":["GET"]}}],"collection":[{"href":"https:\/\/hatsu.fabrica88.com\/parasitaclean\/wp-json\/wp\/v2\/product"}],"about":[{"href":"https:\/\/hatsu.fabrica88.com\/parasitaclean\/wp-json\/wp\/v2\/types\/product"}],"replies":[{"embeddable":true,"href":"https:\/\/hatsu.fabrica88.com\/parasitaclean\/wp-json\/wp\/v2\/comments?post=1000027"}],"wp:featuredmedia":[{"embeddable":true,"href":"https:\/\/hatsu.fabrica88.com\/parasitaclean\/wp-json\/wp\/v2\/media\/1000078"}],"wp:attachment":[{"href":"https:\/\/hatsu.fabrica88.com\/parasitaclean\/wp-json\/wp\/v2\/media?parent=1000027"}],"wp:term":[{"taxonomy":"product_brand","embeddable":true,"href":"https:\/\/hatsu.fabrica88.com\/parasitaclean\/wp-json\/wp\/v2\/product_brand?post=1000027"},{"taxonomy":"product_cat","embeddable":true,"href":"https:\/\/hatsu.fabrica88.com\/parasitaclean\/wp-json\/wp\/v2\/product_cat?post=1000027"},{"taxonomy":"product_tag","embeddable":true,"href":"https:\/\/hatsu.fabrica88.com\/parasitaclean\/wp-json\/wp\/v2\/product_tag?post=1000027"}],"curies":[{"name":"wp","href":"https:\/\/api.w.org\/{rel}","templated":true}]}}